{"id":255,"date":"2021-04-30T18:00:03","date_gmt":"2021-04-30T18:00:03","guid":{"rendered":"https:\/\/preview.treethemes.com\/hazel\/demo1clean\/?page_id=255"},"modified":"2025-06-02T11:47:06","modified_gmt":"2025-06-02T11:47:06","slug":"home","status":"publish","type":"page","link":"https:\/\/thc.es\/","title":{"rendered":"Home"},"content":{"rendered":"<div class=\"wpb-content-wrapper\"><p>[vc_row][vc_column][rev_slider_vc alias=\u00bbhomev1&#8243;][\/vc_column][\/vc_row][vc_row css=\u00bb.vc_custom_1482265871241{padding-top: 120px !important;padding-bottom: 100px !important;}\u00bb][vc_column css_animation=\u00bbslideInUp\u00bb width=\u00bb1\/3&#8243; css=\u00bb.vc_custom_1497199728369{padding-right: 25px !important;padding-left: 25px !important;}\u00bb]<div class=\"aio-icon-component    style_1\"><a class=\"aio-icon-box-link\" ><div id=\"Info-box-wrap-1494\" class=\"aio-icon-box top-icon\" style=\"\"  ><div class=\"aio-icon-top\"><div class=\"ult-just-icon-wrapper  \"><div class=\"align-icon\" style=\"text-align:center;\">\n<div class=\"aio-icon none \"  style=\"color:#333;font-size:30px;display:inline-block;\">\n\t<i class=\"linearicons-pencil5\"><\/i>\n<\/div><\/div><\/div><\/div><div class=\"aio-icon-header\" ><h3 class=\"aio-icon-title ult-responsive\"  data-ultimate-target='#Info-box-wrap-1494 .aio-icon-title'  data-responsive-json-new='{\"font-size\":\"desktop:13px;\",\"line-height\":\"\"}'  style=\"font-family:&#039;Open Sans&#039;;font-weight:700;color:#3f3f3f;\">DISE\u00d1O PERSONALIZADO<\/h3><\/div> <!-- header --><div class=\"aio-icon-description ult-responsive\"  data-ultimate-target='#Info-box-wrap-1494 .aio-icon-description'  data-responsive-json-new='{\"font-size\":\"\",\"line-height\":\"\"}'  style=\"\">Todo tipo de trabajos de cerrajer\u00eda, desde los estilos m\u00e1s cl\u00e1sicos hasta los m\u00e1s modernos. Tome la referencia del cat\u00e1logo y p\u00f3ngase en contacto con nosotros para elaborar el dise\u00f1o personalizado de su idea.<\/div> <!-- description --><\/div> <!-- aio-icon-box --><\/a><\/div> <!-- aio-icon-component --><div class=\"ult-spacer spacer-69e4b48650a32\" data-id=\"69e4b48650a32\" data-height=\"0\" data-height-mobile=\"40\" data-height-tab=\"\" data-height-tab-portrait=\"\" data-height-mobile-landscape=\"40\" style=\"clear:both;display:block;\"><\/div>[\/vc_column][vc_column css_animation=\u00bbslideInUp\u00bb width=\u00bb1\/3&#8243; css=\u00bb.vc_custom_1497199733334{padding-right: 25px !important;padding-left: 25px !important;}\u00bb]<div class=\"aio-icon-component    style_1\"><a class=\"aio-icon-box-link\" ><div id=\"Info-box-wrap-5679\" class=\"aio-icon-box top-icon\" style=\"\"  ><div class=\"aio-icon-top\"><div class=\"ult-just-icon-wrapper  \"><div class=\"align-icon\" style=\"text-align:center;\">\n<div class=\"aio-icon none \"  style=\"color:#333;font-size:30px;display:inline-block;\">\n\t<i class=\"linearicons-pencil-ruler\"><\/i>\n<\/div><\/div><\/div><\/div><div class=\"aio-icon-header\" ><h3 class=\"aio-icon-title ult-responsive\"  data-ultimate-target='#Info-box-wrap-5679 .aio-icon-title'  data-responsive-json-new='{\"font-size\":\"desktop:13px;\",\"line-height\":\"\"}'  style=\"font-family:&#039;Open Sans&#039;;font-weight:700;color:#3f3f3f;\">TRABAJOS A MEDIDA<\/h3><\/div> <!-- header --><div class=\"aio-icon-description ult-responsive\"  data-ultimate-target='#Info-box-wrap-5679 .aio-icon-description'  data-responsive-json-new='{\"font-size\":\"\",\"line-height\":\"\"}'  style=\"\">La mayor parte de nuestros trabajos son a medida, por lo que nos desplazamos a la direcci\u00f3n que nos indique para valorar posibilidades y aportar soluciones. Desarrollamos el trabajo ajust\u00e1ndonos a las necesidades reales.<\/div> <!-- description --><\/div> <!-- aio-icon-box --><\/a><\/div> <!-- aio-icon-component --><div class=\"ult-spacer spacer-69e4b48650ad6\" data-id=\"69e4b48650ad6\" data-height=\"0\" data-height-mobile=\"40\" data-height-tab=\"\" data-height-tab-portrait=\"\" data-height-mobile-landscape=\"40\" style=\"clear:both;display:block;\"><\/div>[\/vc_column][vc_column css_animation=\u00bbslideInUp\u00bb width=\u00bb1\/3&#8243; css=\u00bb.vc_custom_1497199737375{padding-right: 25px !important;padding-left: 25px !important;}\u00bb]<div class=\"aio-icon-component    style_1\"><a class=\"aio-icon-box-link\" ><div id=\"Info-box-wrap-6445\" class=\"aio-icon-box top-icon\" style=\"\"  ><div class=\"aio-icon-top\"><div class=\"ult-just-icon-wrapper  \"><div class=\"align-icon\" style=\"text-align:center;\">\n<div class=\"aio-icon none \"  style=\"color:#333;font-size:30px;display:inline-block;\">\n\t<i class=\"Defaults-home\"><\/i>\n<\/div><\/div><\/div><\/div><div class=\"aio-icon-header\" ><h3 class=\"aio-icon-title ult-responsive\"  data-ultimate-target='#Info-box-wrap-6445 .aio-icon-title'  data-responsive-json-new='{\"font-size\":\"desktop:13px;\",\"line-height\":\"\"}'  style=\"font-family:&#039;Open Sans&#039;;font-weight:700;color:#3f3f3f;\">PRESUPUESTO<\/h3><\/div> <!-- header --><div class=\"aio-icon-description ult-responsive\"  data-ultimate-target='#Info-box-wrap-6445 .aio-icon-description'  data-responsive-json-new='{\"font-size\":\"\",\"line-height\":\"\"}'  style=\"\">P\u00f3ngase en contacto con nosotros y solicite presupuesto de su proyecto. Contamos con precios muy competitivos y formalidad en lo referente a los acuerdos que tomamos en relaci\u00f3n a su presupuesto personalizado.<\/div> <!-- description --><\/div> <!-- aio-icon-box --><\/a><\/div> <!-- aio-icon-component -->[\/vc_column][\/vc_row][vc_row full_width=\u00bbstretch_row_content_no_spaces\u00bb bg_type=\u00bbbg_color\u00bb bg_override=\u00bbex-full\u00bb css=\u00bb.vc_custom_1480356215449{padding-top: 100px !important;}\u00bb bg_color_value=\u00bb#f7f7f7&#8243;][vc_column width=\u00bb1\/2&#8243; el_class=\u00bbwide-box-mobile\u00bb][vc_row_inner][vc_column_inner width=\u00bb1\/4&#8243;][\/vc_column_inner][vc_column_inner el_class=\u00bbhome-box1-mobile\u00bb width=\u00bb3\/4&#8243;][vc_empty_space height=\u00bb60px\u00bb][vc_custom_heading text=\u00bbLa empresa\u00bb font_container=\u00bbtag:h2|font_size:26px|text_align:left\u00bb use_theme_fonts=\u00bbyes\u00bb css=\u00bb\u00bb][vc_empty_space height=\u00bb10px\u00bb][vc_column_text css=\u00bb\u00bb]Somos una <strong>empresa de cerrajer\u00eda, carpinter\u00eda met\u00e1lica y estructuras<\/strong> que inici\u00f3 su actividad hace <strong>m\u00e1s de 4o a\u00f1os<\/strong>, contando con una larga tradici\u00f3n familiar de profesionales de profesionales del hierro.<\/p>\n<p>Actualmente <strong>hemos recogido toda esa experiencia y tradici\u00f3n familiar<\/strong> para trabajar el hierro <strong>con las t\u00e9cnicas m\u00e1s vanguardistas<\/strong> ofreciendo una alta calidad en el desarrollo nuestros trabajos met\u00e1licos.[\/vc_column_text][vc_empty_space height=\u00bb30px\u00bb][vc_btn title=\u00bbQUI\u00c9NES SOMOS\u00bb style=\u00bboutline-custom\u00bb outline_custom_color=\u00bb#780000&#8243; outline_custom_hover_background=\u00bb#073e01&#8243; outline_custom_hover_text=\u00bb#ffffff\u00bb shape=\u00bbsquare\u00bb size=\u00bbxs\u00bb css_animation=\u00bbbottom-to-top\u00bb css=\u00bb\u00bb][vc_empty_space height=\u00bb40px\u00bb][\/vc_column_inner][\/vc_row_inner][\/vc_column][vc_column width=\u00bb1\/2&#8243; el_class=\u00bbwide-box-mobile\u00bb][vc_single_image image=\u00bb794&#8243; img_size=\u00bbfull\u00bb alignment=\u00bbright\u00bb css=\u00bb\u00bb][\/vc_column][\/vc_row][vc_row css=\u00bb.vc_custom_1480355405059{padding-top: 120px !important;}\u00bb el_id=\u00bbabout\u00bb][vc_column][vc_column_text css=\u00bb\u00bb]<\/p>\n<h1 class=\"h1quotehome\">\u201c La \u00fanica manera de hacer un gran trabajo es amar lo que haces.\u201d<\/h1>\n<p>&nbsp;<\/p>\n<p>&#8211; Steve Jobs[\/vc_column_text][vc_empty_space height=\u00bb100px\u00bb][\/vc_column][\/vc_row][vc_row css=\u00bb.vc_custom_1480354809822{padding-bottom: 120px !important;}\u00bb][vc_column width=\u00bb1\/3&#8243;][vc_custom_heading text=\u00bbNUESTRA HISTORIA\u00bb font_container=\u00bbtag:h6|text_align:left\u00bb use_theme_fonts=\u00bbyes\u00bb css=\u00bb\u00bb][vc_column_text css=\u00bb\u00bb]En <strong>1986<\/strong> se funda Talleres Hermanos Campanero S.L. empresa dedicada a la cerrajer\u00eda y estructuras met\u00e1licas. En <strong>1997<\/strong> se realiza la homologaci\u00f3n del Ministerio de Industria como fabricantes de remolques agr\u00edcolas. En <strong>2006<\/strong>, se obtiene la certificaci\u00f3n oficial como soldadores homologados para estructuras met\u00e1licas. En <strong>2021<\/strong>, se realiza el traslado a nuevas instalaciones autorizadas y ajustadas a la demanda actual, pasando el domicilio a Carretera Torrubia 5B.[\/vc_column_text]<div class=\"ult-spacer spacer-69e4b48650b49\" data-id=\"69e4b48650b49\" data-height=\"0\" data-height-mobile=\"40\" data-height-tab=\"\" data-height-tab-portrait=\"\" data-height-mobile-landscape=\"40\" style=\"clear:both;display:block;\"><\/div>[\/vc_column][vc_column width=\u00bb1\/3&#8243;][vc_custom_heading text=\u00bbCALIDAD CERTIFICADA\u00bb font_container=\u00bbtag:h6|text_align:left\u00bb use_theme_fonts=\u00bbyes\u00bb css=\u00bb\u00bb][vc_column_text css=\u00bb\u00bb]Desde hace a\u00f1os contamos con el <strong>certificado de homologaci\u00f3n<\/strong> exigida como <strong>soldadores profesionales<\/strong>, de tal forma que estamos autorizados para hacer rehabilitaciones de estructura, naves industriales, tejados de chapa u otras adaptaciones. Adem\u00e1s hemos sido fabricantes de remolques agr\u00edcolas, realizando trabajos de rehabilitaci\u00f3n en la actualidad. No obstante, la mejor certificaci\u00f3n viene de nuestros clientes, que han manifestado su satisfacci\u00f3n en toda ocasi\u00f3n.[\/vc_column_text]<div class=\"ult-spacer spacer-69e4b48650b59\" data-id=\"69e4b48650b59\" data-height=\"0\" data-height-mobile=\"40\" data-height-tab=\"\" data-height-tab-portrait=\"\" data-height-mobile-landscape=\"40\" style=\"clear:both;display:block;\"><\/div>[\/vc_column][vc_column width=\u00bb1\/3&#8243;][vc_custom_heading text=\u00bbTRABAJO M\u00c1S DEMANDADOS\u00bb font_container=\u00bbtag:h6|text_align:left\u00bb use_theme_fonts=\u00bbyes\u00bb css=\u00bb\u00bb][vc_empty_space height=\u00bb25px\u00bb][vc_progress_bar values=\u00bb%5B%7B%22label%22%3A%22Artesan%C3%ADa%20en%20hierro%22%2C%22value%22%3A%2287%22%7D%2C%7B%22label%22%3A%22Puertas%20y%20portadas%22%2C%22value%22%3A%2294%22%7D%2C%7B%22label%22%3A%22Rejas%20y%20balcones%22%2C%22value%22%3A%2298%22%7D%2C%7B%22label%22%3A%22Estructuras%20met%C3%A1licas%22%2C%22value%22%3A%2294%22%7D%2C%7B%22label%22%3A%22Vallas%20y%20barandillas%22%2C%22value%22%3A%2299%22%7D%2C%7B%22label%22%3A%22Remodelaciones%20agr%C3%ADcolas%22%2C%22value%22%3A%2289%22%7D%2C%7B%22label%22%3A%22DEMANDA%20GENERAL%22%2C%22value%22%3A%2298%22%7D%5D\u00bb bgcolor=\u00bbcustom\u00bb css=\u00bb.vc_custom_1748864668137{border-color: #780000 !important;}\u00bb custombgcolor=\u00bb#212121&#8243; units=\u00bb%\u00bb customtxtcolor=\u00bb#780000&#8243;]<div class=\"ult-spacer spacer-69e4b48650b62\" data-id=\"69e4b48650b62\" data-height=\"0\" data-height-mobile=\"40\" data-height-tab=\"\" data-height-tab-portrait=\"\" data-height-mobile-landscape=\"40\" style=\"clear:both;display:block;\"><\/div>[\/vc_column][\/vc_row]<\/p>\n<\/div>","protected":false},"excerpt":{"rendered":"<p>[vc_row][vc_column][rev_slider_vc alias=\u00bbhomev1&#8243;][\/vc_column][\/vc_row][vc_row css=\u00bb.vc_custom_1482265871241{padding-top: 120px !important;padding-bottom: 100px !important;}\u00bb][vc_column css_animation=\u00bbslideInUp\u00bb width=\u00bb1\/3&#8243; css=\u00bb.vc_custom_1497199728369{padding-right: 25px !important;padding-left: 25px !important;}\u00bb][\/vc_column][vc_column css_animation=\u00bbslideInUp\u00bb width=\u00bb1\/3&#8243; css=\u00bb.vc_custom_1497199733334{padding-right: 25px !important;padding-left: 25px !important;}\u00bb][\/vc_column][vc_column css_animation=\u00bbslideInUp\u00bb width=\u00bb1\/3&#8243; css=\u00bb.vc_custom_1497199737375{padding-right: 25px !important;padding-left: 25px !important;}\u00bb][\/vc_column][\/vc_row][vc_row full_width=\u00bbstretch_row_content_no_spaces\u00bb bg_type=\u00bbbg_color\u00bb bg_override=\u00bbex-full\u00bb css=\u00bb.vc_custom_1480356215449{padding-top: 100px !important;}\u00bb bg_color_value=\u00bb#f7f7f7&#8243;][vc_column width=\u00bb1\/2&#8243; el_class=\u00bbwide-box-mobile\u00bb][vc_row_inner][vc_column_inner width=\u00bb1\/4&#8243;][\/vc_column_inner][vc_column_inner el_class=\u00bbhome-box1-mobile\u00bb width=\u00bb3\/4&#8243;][vc_empty_space height=\u00bb60px\u00bb][vc_custom_heading text=\u00bbLa empresa\u00bb font_container=\u00bbtag:h2|font_size:26px|text_align:left\u00bb use_theme_fonts=\u00bbyes\u00bb css=\u00bb\u00bb][vc_empty_space height=\u00bb10px\u00bb][vc_column_text css=\u00bb\u00bb]Somos una empresa de cerrajer\u00eda, carpinter\u00eda met\u00e1lica y [&hellip;]<\/p>\n","protected":false},"author":1,"featured_media":0,"parent":0,"menu_order":0,"comment_status":"closed","ping_status":"closed","template":"template-home.php","meta":{"footnotes":""},"class_list":["post-255","page","type-page","status-publish","hentry"],"_links":{"self":[{"href":"https:\/\/thc.es\/index.php\/wp-json\/wp\/v2\/pages\/255","targetHints":{"allow":["GET"]}}],"collection":[{"href":"https:\/\/thc.es\/index.php\/wp-json\/wp\/v2\/pages"}],"about":[{"href":"https:\/\/thc.es\/index.php\/wp-json\/wp\/v2\/types\/page"}],"author":[{"embeddable":true,"href":"https:\/\/thc.es\/index.php\/wp-json\/wp\/v2\/users\/1"}],"replies":[{"embeddable":true,"href":"https:\/\/thc.es\/index.php\/wp-json\/wp\/v2\/comments?post=255"}],"version-history":[{"count":26,"href":"https:\/\/thc.es\/index.php\/wp-json\/wp\/v2\/pages\/255\/revisions"}],"predecessor-version":[{"id":821,"href":"https:\/\/thc.es\/index.php\/wp-json\/wp\/v2\/pages\/255\/revisions\/821"}],"wp:attachment":[{"href":"https:\/\/thc.es\/index.php\/wp-json\/wp\/v2\/media?parent=255"}],"curies":[{"name":"wp","href":"https:\/\/api.w.org\/{rel}","templated":true}]}}